0) is divided by w.
6
Let w be 64/10 - (-4)/(-10). Let s be (-19)/(-7) - (-12)/42. Suppose s*x - w*x = -117. Calculate the remainder when x is divided by 10.
9
Suppose -4*y + 5*k + 242 = 3*k, 0 = 2*y - 2*k - 120. Calculate the remainder when y is divided by 16.
13
Let r be (1 - -1)/((-2)/(-4)). Let b(d) = d + 1. Suppose 2 = y - 0. Calculate the remainder when b(r) is divided by y.
1
Let a = 0 + 1. Suppose -13*l = -26 - 0. Calculate the remainder when l is divided by a.
0
Suppose -8*f + 3*f = -15. Suppose -5*y = -48 + 3. Calculate the remainder when f is divided by (-10)/(-45) + 16/y.
1
Let i be 9/(-1)*4/6. Let l be (-1)/1*(i - -2). Calculate the remainder when 14 is divided by (-2)/(-4)*l*4.
6
Let n = 10 - 6. Suppose -n*m - 10 = -2*m, 2*g - 4*m - 70 = 0. Calculate the remainder when g is divided by 15 + 2 + 8/(-2).
12
Suppose 2*v = 17 - 7, 11 = -3*d + 4*v. Suppose -18 = -5*m - d. Calculate the remainder when 5 is divided by m.
2
Suppose 3*p - 11 - 10 = 0. Calculate the remainder when 25 is divided by p.
4
Suppose 0 = -5*z - 29 + 114. Suppose 0 = -2*q + 49 + 49. Calculate the remainder when q is divided by z.
15
Suppose l - 105 = -5*f, -33 = -f + l - 12. Calculate the remainder when 39 is divided by f.
18
Suppose 0 = -0*g + g. Suppose g*k - k = -12. Calculate the remainder when 22 is divided by k.
10
Suppose 0 = 26*q - 44*q + 414. What is the remainder when q is divided by -1 + 1 + 13*1?
10
Calculate the remainder when -33*-2*3/9 is divided by 5.
2
Suppose -12*j + 310 = -2*j. Let r = 13 + -5. What is the remainder when j is divided by r?
7
Let d(k) = 2*k + 10. Let q be d(-9). Let f(g) = -6*g - 5. Calculate the remainder when f(q) is divided by 22.
21
Suppose 2*a = 2*c - 1 - 9, -4*c + 5*a + 17 = 0. Suppose d - 2*b = 2*d - 13, -5*b + 25 = 0. What is the remainder when c is divided by d?
2
Let w = 0 + 6. What is the remainder when 10 is divided by w?
4
Suppose -5*a + 3*a = -18. Suppose 0 = 2*o - 4*o + 50. Calculate the remainder when o is divided by a.
7
Suppose -4*d - 2*s + 22 = 0, -22 = -5*d - 2*s + 3. Suppose -d*x + 42 = -18. Calculate the remainder when x is divided by 7.
6
Let q = 5 + 26. What is the remainder when q is divided by 17?
14
Let z(n) = n + 19. Let c be (1/3)/((-7)/231). Calculate the remainder when 30 is divided by z(c).
6
Let j = 5 - 1. Suppose -42 = -3*l - j*o, 3*l - 3*o - 73 = -31. Let p(q) = q**2 + 5*q + 5. What is the remainder when l is divided by p(-5)?
4
Suppose 6 = c + 1. Suppose -2*i - c*d = -13, 0 = -2*i + 5*d + 1 + 22. What is the remainder when 2/(-4) - 53/(-2) is divided by i?
8
Calculate the remainder when 14 is divided by 16/3 + (-9)/(162/(-12)).
2
Let f be (-3 + 0)*-1 + 2. Suppose 4*l + 2 = -2*w, l - 5 = -f*w - 28. Let q = 22 + w. What is the remainder when 31 is divided by q?
14
Let n(z) = 5*z + 8. Calculate the remainder when 43 is divided by n(3).
20
Suppose -12 + 68 = 4*v. Suppose -2*d - 4 = -v. Suppose 0*w + 120 = d*w. What is the remainder when w is divided by 9?
6
Let s = -12 - -21. Let v = -31 + 48. Calculate the remainder when v is divided by s.
8
Suppose -3*i + 0*i - 5*a - 9 = 0, 0 = -3*i - 3*a - 3. Calculate the remainder when (17 - (-5 + i)) + -1 is divided by 7.
5
Let m = -8 - -59. What is the remainder when m is divided by 13?
12
Let c(f) = -f + 7. Calculate the remainder when 3*4/48*4 is divided by c(6).
0
Suppose 1 = 4*w - 3. Suppose 5*o - 5 = n, 2*o - w = 4*n - 17. Calculate the remainder when o is divided by 2.
0
Let j = 26 + -16. Let m(t) = 3*t**2 + 1. Let c be m(6). Suppose -5*v - 19 = -c. What is the remainder when v is divided by j?
8
Suppose -3*b + 3*l + 21 = 0, -5*l + 4 + 17 = 3*b. Calculate the remainder when b is divided by 3.
1
Let y = -24 - -31. Calculate the remainder when 13 is divided by y.
6
Let y be (-2)/(-3)*(-9)/(-2). Suppose 0 = -y*u + 12 + 15. What is the remainder when 25 is divided by u?
7
Let n(u) = u**3 + 6*u**2 + 6*u + 2. Let m be (-2)/(-5) - 788/20. Let w = m + 58. Calculate the remainder when w is divided by n(-4).
9
Suppose 0*v - 3 = -v, -4*z = -4*v - 132. What is the remainder when 178 is divided by z?
34
Let k = -6 + 14. Calculate the remainder when 30 is divided by k.
6
Let w = -399 - -653. Suppose -2*f - 2*f = -2*k + 148, -3*k = 2*f - w. What is the remainder when k is divided by 21?
19
Let g be ((-2)/4)/(2/(-8)). Calculate the remainder when (-4)/5*60/9*-3 is divided by (-17)/(-2) + 1/g.
7
Suppose -2 - 8 = -y. What is the remainder when (-1683)/(-45) - (-4)/(-10) is divided by y?
7
Let x(h) = h**3 + 13*h**2 + h + 30. Suppose -l + 18 = 3*a + 1, -3*a = 3*l - 81. Calculate the remainder when l is divided by x(-13).
15
Suppose 3*g = -4*v + 201, v + 53 + 21 = g. What is the remainder when g is divided by 18?
17
Suppose -4*g - 3 = 445. Let m = g + 164. Calculate the remainder when m is divided by 27.
25
Let x = 106 - 99. What is the remainder when 15 is divided by x?
1
What is the remainder when 147 is divided by (7/((-56)/6))/(2/(-40))?
12
Let r(f) = -5*f. Let i(u) = u. Let c(w) = 2*i(w) - r(w). What is the remainder when c(5) is divided by 12?
11
Suppose 3*d = 4 + 2. Suppose 3*w + 4*g = -0*g + d, -16 = 4*g. Calculate the remainder when (0 + (-20)/(-6))*3 is divided by w.
4
Let i = 91 - 74. What is the remainder when 32 is divided by i?
15
Let c(r) = -7*r - 2. Let q(a) = -a + 1. Let u(i) = c(i) - 2*q(i). Calculate the remainder when 31 is divided by u(-4).
15
Suppose 5*w - 5 = m, -2 = -w - 0. Suppose 2*g - 7 = 5*n, n = -4*g - n + 26. What is the remainder when g/33 + 172/22 is divided by m?
3
Let o(n) = -n**2. Let r(h) = -4*h**2 + 11*h + 1. Let g(s) = 3*o(s) - r(s). Let v be g(12). Let u = v - 5. Calculate the remainder when 11 is divided by u.
5
Suppose -5*d + 25 = 2*s, s - 35 = 5*d - 3*d. Suppose -3*b - b = 0, 4*n + 5*b - 196 = 0. What is the remainder when n is divided by s?
24
Let o(c) = -37*c**3 + c**2 - c - 1. Let i = 1 + -2. Let r be o(i). Suppose 4*t = 3*t + r. Calculate the remainder when t is divided by 13.
12
Suppose -12 + 2 = -5*y. What is the remainder when 2 is divided by y?
0
Suppose -5*y - 2*j = -228 - 36, 5*j + 123 = 2*y. What is the remainder when 26 is divided by (y/12)/(2/4)?
8
Let r(b) = 5*b - 2. Let i be r(5). Let j = i + -13. Calculate the remainder when 29 is divided by j.
9
Let v = 17 - 1. Calculate the remainder when 6/(-4)*(-184)/6 is divided by v.
14
Let v be 2/4 - (-65)/(-10). Let z(r) = r**2 + 4*r - 6. Let s be z(v). Suppose p - s*p + 65 = 0. Calculate the remainder when 49 is divided by p.
10
Let s be (22/(-8))/(7/28). Let h = -76 + 53. Let z = s - h. What is the remainder when 34 is divided by z?
10
Suppose 2*p - 3*p + 13 = 0. Suppose 0*m = -m + p. Calculate the remainder when 37 is divided by m.
11
Suppose -2*z + 5 + 3 = 0. Let g be 237/21 + (-2)/7. Suppose -2*s + 3*q = 5, 0*s - 3*q = s - g. Calculate the remainder when z is divided by s.
0
Let x = -159 - -233. Calculate the remainder when x is divided by 16.
10
Let y(z) = -z**2 + z + 11. What is the remainder when y(0) is divided by 3?
2
Suppose -83 = -5*h + 27. Let f = h - 9. Calculate the remainder when 23 is divided by f.
10
Suppose -4 + 0 = 4*l, -4*o - 116 = -4*l. Calculate the remainder when (-28)/(-10) - 6/o is divided by 2.
1
Let x(z) = -z**3 - 2*z**2 - 1. Calculate the remainder when (-26)/(-117) + (-831)/(-27) is divided by x(-3).
7
Let v = 38 + -14. What is the remainder when 47 is divided by v?
23
Let k = 54 + 33. Calculate the remainder when k is divided by 18.
15
Let v be ((-7)/(-1))/((-7)/(-7)). Suppose -v = y - 1. Let l(a) = a**3 + 7*a**2 + a - 4. Calculate the remainder when l(y) is divided by 9.
8
Let o be (-37)/(-3) + 10/(-30). What is the remainder when 18 is divided by 69/o - 6/8?
3
Let m(h) = h**2 - 4*h - 12. Let x be m(6). Suppose 3*q - 105 = -x*q. Calculate the remainder when q is divided by 9.
8
Let g be 1/3 + 124/(-12). Let f = g + 14. Suppose q = -f*k + 36, -2*k - 3*k + 2*q + 32 = 0. Calculate the remainder when 14 is divided by k.
6
Let k = 13 - 8. Let f(a) = -1 - 17 - 2 + 1 - 4*a. Calculate the remainder when f(-9) is divided by k.
2
Suppose -5*s + 278 + 309 = 2*w, -5*w = -5. What is the remainder when s is divided by 30?
27
Let b(i) = -6*i + 1. Suppose -d + 3*d = -12. Calculate the remainder when b(d) is divided by 8.
5
Let v = 47 - 28. Let o(f) = f**2